
Is 44567 a prime number?
False
Is 132323 prime?
False
Is 21001 prime?
True
Is 698641 a prime number?
True
Is 15569 composite?
False
Is 161611 prime?
True
Is 3554 a prime number?
False
Is 4409 composite?
False
Is 5077 a prime number?
True
Is 26819 a prime number?
False
Is 11653 a prime number?
False
Is 1249 a composite number?
False
Is 386839 prime?
True
Is 5231 a composite number?
False
Is 112741 prime?
True
Is 140047 prime?
False
Is 473141 composite?
False
Is 29101 a composite number?
False
Is 6931 a prime number?
False
Is 16463 composite?
True
Is 124847 composite?
False
Is 358837 a prime number?
False
Is 455701 composite?
False
Is 264071 a prime number?
True
Is 958157 prime?
False
Is 445981 a composite number?
True
Is 20327 a composite number?
False
Is 606223 a prime number?
True
Is 46549 a composite number?
False
Is 4603 prime?
True
Is 1115 prime?
False
Is 196159 a composite number?
False
Is 731 a composite number?
True
Is 1215271 prime?
True
Is 20571 a prime number?
False
Is 171799 a composite number?
False
Is 38149 composite?
False
Is 342911 composite?
True
Is 1259 a prime number?
True
Is 10199113 composite?
False
Is 8153 a prime number?
False
Is 40055 composite?
True
Is 54779 prime?
True
Is 431399 a prime number?
True
Is 2209409 a prime number?
True
Is 53353 a prime number?
True
Is 18013 a composite number?
False
Is 10481 a prime number?
False
Is 22121 a composite number?
True
Is 898699 composite?
True
Is 11471 a prime number?
True
Is 34901 a composite number?
True
Is 1256681 prime?
True
Is 67207 prime?
False
Is 537 a prime number?
False
Is 335 a prime number?
False
Is 12071 composite?
False
Is 1736653 a prime number?
True
Is 6761 a prime number?
True
Is 24659 a composite number?
False
Is 79861 composite?
False
Is 176261 a prime number?
True
Is 286973 composite?
False
Is 587 composite?
False
Is 122563 a prime number?
False
Is 1857 a prime number?
False
Is 107513 prime?
False
Is 126833 a prime number?
False
Is 19169 prime?
False
Is 257059 a composite number?
True
Is 451 composite?
True
Is 79 a composite number?
False
Is 301 a prime number?
False
Is 12605 composite?
True
Is 351921 prime?
False
Is 181499 a composite number?
False
Is 29663 composite?
False
Is 7411 prime?
True
Is 6997 a composite number?
False
Is 2699 a prime number?
True
Is 877 prime?
True
Is 21269 a prime number?
True
Is 10133 prime?
True
Is 118343 prime?
True
Is 547223 a composite number?
False
Is 822703 prime?
False
Is 172911 a prime number?
False
Is 331 a prime number?
True
Is 3697 composite?
False
Is 4751 a prime number?
True
Is 535 prime?
False
Is 26479 a composite number?
False
Is 2390417 composite?
False
Is 4049 prime?
True
Is 87539 prime?
True
Is 5987 a composite number?
False
Is 3473 a composite number?
True
Is 16855 a composite number?
True
Is 936303 composite?
True
Is 151337 prime?
True
Is 6499 a prime number?
False
Is 7159 a composite number?
False
Is 7307 a prime number?
True
Is 116029 a prime number?
False
Is 10651 a composite number?
False
Is 56891 composite?
False
Is 272507 composite?
False
Is 694 prime?
False
Is 5703 prime?
False
Is 24901 prime?
False
Is 31957 a prime number?
True
Is 196727 a composite number?
False
Is 401627 prime?
True
Is 79997 a composite number?
False
Is 2847581 a prime number?
False
Is 4327 composite?
False
Is 26086 composite?
True
Is 2395 a composite number?
True
Is 170054 prime?
False
Is 429763 a composite number?
True
Is 1427161 prime?
False
Is 2351251 a composite number?
True
Is 19121 a composite number?
False
Is 2179 a composite number?
False
Is 117365 composite?
True
Is 48731 a prime number?
True
Is 207883 a composite number?
True
Is 1658269 a composite number?
True
Is 3280339 composite?
False
Is 8947 composite?
True
Is 139721 a prime number?
True
Is 2238943 composite?
True
Is 29941 prime?
False
Is 153421 a prime number?
True
Is 1552417 composite?
False
Is 18782 prime?
False
Is 25869 composite?
True
Is 9277 a composite number?
False
Is 65 prime?
False
Is 7151 a composite number?
False
Is 605543 prime?
True
Is 148883 prime?
False
Is 220787 prime?
False
Is 570719 composite?
False
Is 236261 prime?
True
Is 3833 prime?
True
Is 67453 a composite number?
False
Is 42131 a composite number?
False
Is 108331 prime?
False
Is 3427 prime?
False
Is 8497 prime?
False
Is 2459 prime?
True
Is 20369 prime?
True
Is 178323 composite?
True
Is 4987 prime?
True
Is 1793 composite?
True
Is 66319 a composite number?
True
Is 20177 a composite number?
False
Is 7411 a composite number?
False
Is 221941 prime?
True
Is 6261 a prime number?
False
Is 3083203 prime?
True
Is 46147 composite?
False
Is 75967 a prime number?
True
Is 1271333 prime?
False
Is 229997 a prime number?
False
Is 1006462 a composite number?
True
Is 726061 prime?
False
Is 3203 a prime number?
True
Is 346601 prime?
True
Is 98297 a composite number?
False
Is 44809 a composite number?
False
Is 23277 a composite number?
True
Is 3309 composite?
True
Is 33247 composite?
False
Is 1005517 prime?
False
Is 150767 a prime number?
True
Is 2859 a prime number?
False
Is 4621 composite?
False
Is 27421 prime?
False
Is 1318 prime?
False
Is 1880959 a composite number?
False
Is 1259 a composite number?
False
Is 131 a prime number?
True
Is 6599 prime?
True
Is 261149 composite?
True
Is 534739 prime?
True
Is 8899 a prime number?
False
Is 27611 a composite number?
False
Is 63303 prime?
False
Is 201233 composite?
False
Is 455381 prime?
True
Is 1053809 prime?
True
Is 77339 a prime number?
True
Is 10949 a prime number?
True
Is 955421 prime?
False
Is 218903 a composite number?
True
Is 97663 prime?
False
Is 435221 a prime number?
True
Is 2661 a composite number?
True
Is 121377 prime?
False
Is 22229 prime?
True
Is 26099 composite?
False
Is 15997 composite?
True
Is 236221 composite?
True
Is 1681 prime?
False
Is 44567 a prime number?
False
Is 610817 prime?
True
Is 316579 composite?
True
Is 1378639 a prime number?
True
Is 226163 a prime number?
False
Is 20877 a composite number?
True
Is 40453 a prime number?
False
Is 25667 a composite number?
False
Is 34631 composite?
False
Is 430649 a prime number?
True
Is 79683 a composite number?
True
Is 106087 prime?
True
Is 34702 a composite number?
True
Is 5700691 a composite number?
False
Is 157937 a composite number?
True
Is 22511 composite?
False
Is 7621 a composite number?
False
Is 967 a prime number?
True
Is 6241 prime?
False
Is 841583 prime?
False
Is 10411 a prime number?
False
Is 77019 prime?
False
Is 852181 composite?
True
Is 975031 a prime number?
False
Is 276933 composite?
True
Is 27137 a prime number?
False
Is 4313 a composite number?
True
Is 81469 prime?
False
Is 117983 prime?
False
Is 33247 composite?
False
Is 99971 composite?
False
Is 2563 a prime number?
False
Is 289987 composite?
False
Is 4861 composite?
False
Is 285319 a prime number?
False
Is 4283 a prime number?
True
Is 64849 a composite number?
False
Is 4987 prime?
True
Is 8563 composite?
False
Is 447001 a composite number?
False
Is 6247 prime?
True
Is 75269 composite?
False
Is 39499 prime?
True
Is 541 prime?
True
Is 1121 a composite number?
True
Is 866245 composite?
True
Is 35251 prime?
True
Is 330269 a composite number?
True
Is 548707 composite?
False
Is 188707 a prime number?
True
Is 78879 a composite number?
True
Is 63851 composite?
True
Is 29623 a composite number?
True
Is 78797 prime?
True
Is 13753 prime?
False
Is 15231 prime?
False
Is 85783 a composite number?
True
Is 6671 prime?
False
Is 1315393 a prime number?
False
Is 8962 a composite number?
True
Is 77929 prime?
True
Is 1722793 a prime number?
True
Is 762211 composite?
False
Is 128561 prime?
False
Is 325729 composite?
False
Is 43049 prime?
True
Is 92731 a composite number?
True
Is 90469 composite?
False
Is 717 a composite number?
True
Is 8051 a prime number?
False
Is 18617 composite?
False
Is 28963 prime?
False
Is 20047 a prime number?
True
Is 4751 a composite number?
False
Is 104523 composite?
True
Is 584297 a prime number?
False
Is 1476377 a prime number?
False
Is 835873 composite?
True
Is 346391 a prime number?
True
Is 20129 composite?
False
Is 358181 a prime number?
True
Is 165241 composite?
True
Is 179943 a composite number?
True
Is 995 a prime number?
False
Is 12385 composite?
True
Is 1477 a prime number?
False
Is 35897 composite?
False
Is 216569